Calculate t(-3).
4
Let y(f) be the second derivative of -f**7/2520 + f**6/144 + f**5/120 - 5*f**4/2 - 12*f. Let q(r) be the third derivative of y(r). Calculate q(6).
-5
Suppose -3*b - 2*b = 4*i - 36, -i = -3*b + 8. Let j(p) = 2 - 5 + p**2 - b + 1. Determine j(0).
-6
Let r(t) = -7*t**2 - 115*t - 52. Let w be r(-16). Let f(b) = -b - 4. Give f(w).
0
Let n(v) = -2*v**2 - 20*v - 3. Suppose -45 = 4*g - 9. Let y be n(g). Suppose -2*s - y = s. Let t(p) = -p - 10. Give t(s).
-5
Let f(o) = -o - 7. Let a be f(-9). Suppose 3*b - t + 5 = -b, a*t - 10 = -3*b. Let p(z) = z**3 + z**2 + 9. Determine p(b).
9
Let f(n) be the second derivative of n**5/20 - n**4/2 - n**3 + n**2/2 - n. Suppose -6*z + 65 + 91 = 0. Let x = z + -19. Calculate f(x).
8
Suppose 10 = 5*t + 3*w - 6*w, 0 = 5*t + 5*w - 50. Let p(q) = -2*q**2 + 2*q - 8 + 7*q**2 + 4 - q**3. Determine p(t).
6
Let l(n) = n**2 - 12*n + 2. Let f be ((-12)/(-63))/(2/7)*18. Calculate l(f).
2
Let z = -196 - -190. Let y(t) = t**2 + 7*t + 11. Give y(z).
5
Let v(f) = 124 + 123 - 2*f + 120 + f - 364 - f**2. Determine v(-2).
1
Let a = -355 + 349. Let l(x) = -x**2 - 2*x + 5. Give l(a).
-19
Suppose 5*g - 12 = g. Let t(s) = 3*s - 6*s - 7*s + 11*s - g. What is t(6)?
3
Let i(m) = m + 1. Let r = 49 + -48. Let h be 16/12 - r - 20/6. Give i(h).
-2
Let f(m) = -158*m + 462*m - 4 - 152*m - 148*m. Determine f(-3).
-16
Let x(t) = 38 - 80 + 26 + 25 - t. Suppose 10 = b - 3*q, 2*q = -b + 13 - 3. Suppose 5*y - 5*i = b, -7 - 3 = 2*y + 5*i. What is x(y)?
9
Suppose 0 = 5*l - 25, 3*o - 4*l = -2*o + 140. Let v(k) = -o*k - 4 + 2 + 0 + 34*k. Calculate v(3).
4
Suppose -27*v - 18 = -180. Let a(j) = -j**3 + 5*j**2 + 6*j - 8. Calculate a(v).
-8
Let m(z) = 16*z + 34. Let v(u) = -3*u - 6. Let i(b) = 2*m(b) + 11*v(b). Determine i(1).
1
Let d(x) = -2*x - 6. Suppose 0 = 4*a - 2*u - 30, -4*u - 1 = 3. Calculate d(a).
-20
Let r(j) = -j**3 + 2*j**2 - j - 2. Suppose 4*c = -2*t + 4 + 2, -4*t = -4*c + 12. Determine r(c).
-4
Suppose 2*o = -442 + 476. Let l(m) = m**3 - 16*m**2 - 19*m + 40. Determine l(o).
6
Suppose -3 = -z - 6. Let g(l) = -3*l**3 + 4*l**2 - 1. Let j(r) = -2*r**3 + 4*r**2 - r - 1. Let c(d) = -3*g(d) + 4*j(d). Calculate c(z).
20
Let y(u) = -u**2 + 6. Let b be y(0). Let h(o) = -o. Let t(g) be the third derivative of 7*g**4/24 - g**3/3 + 11*g**2. Let r(l) = b*h(l) + t(l). Give r(6).
4
Suppose 32 = -0*v - 2*v - f, -4 = -2*f. Let m be (3/2)/(v/(-34)). Let y = 3 + m. Let n(w) = -w**3 + 6*w**2 + w - 7. Determine n(y).
-1
Let i(t) = t - 1. Let v(y) = y - 14. Let u be v(17). Suppose -5*j - 88 = u*j. Let c = 5 + j. Determine i(c).
-7
Let h(a) = 4*a - 3. Let o be 12/16 + 407/44. Calculate h(o).
37
Let h(n) = -20*n**2 + 133*n - 89. Let f(j) = 7*j**2 - 46*j + 30. Let w(q) = 17*f(q) + 6*h(q). Determine w(15).
-9
Suppose -4*p + 3941 = -2611. Let g(c) = -p*c + 3*c**2 + 1638*c - 1. Determine g(1).
2
Let j(w) = -15*w + 22. Let q(m) = -2*m + 2. Let y(n) = 2*j(n) - 14*q(n). Determine y(7).
2
Let d = -2 - -4. Suppose 0 = -d*q + 3*p + 6, 19 = -3*q - 2*q - p. Let j(l) be the third derivative of l**5/60 + l**4/24 - l**3/3 - 9*l**2. Calculate j(q).
4
Let u(f) = 0 + 4*f - 4*f**2 - 6*f - 5*f**3 - 4*f + 1. Let z(q) = q**3 + q - 1. Let r(y) = -u(y) - 6*z(y). Let w = -4 + 8. Give r(w).
5
Let r(t) = t**2 - 7*t - 7. Let s be r(8). Let u(a) = -s + a - 6 - 5*a + 5*a. Calculate u(5).
-2
Let i(p) = -p**2 - 14*p + 4. Let v be i(-10). Let w = v + -24. Let g = -18 + w. Let r(b) = -4*b. Calculate r(g).
-8
Let m = 3 + -5. Suppose -2*k = -1 - 31. Let n be 1/(2/k*m). Let g(v) = v + 5. Determine g(n).
1
Let f(o) = -2*o**3 - o**2 - o + 10. Let q(p) = p**3 + p**2 + p - 4. Let b(v) = 2*f(v) + 5*q(v). Suppose 4*d + 15 = -3*y + d, 2*y + 5*d + 16 = 0. What is b(y)?
-9
Suppose 4*t = s - 16, -4*t + 4 = 4*s - 0*s. Let d(l) = 6*l - 1 - 5 + 1 - 9*l**2 + 8*l**2. Calculate d(s).
3
Let w(t) = 4*t**3 + t - 1. Suppose 510*g - 505*g = 10. What is w(g)?
33
Let b(r) = 6*r + 2688 - 1344 + 0*r**2 - 7*r**2 + r**3 - 1347. What is b(6)?
-3
Let c(b) be the first derivative of 5/2*b**2 - 2*b + 1/3*b**3 - 20. Calculate c(-6).
4
Let q = 281 + -275. Let g(o) = -4*o + 3. What is g(q)?
-21
Let s(w) be the first derivative of -w**4/4 + 2*w**3/3 + 2*w**2 + 5*w + 90. What is s(4)?
-11
Suppose -k + 19 + 0 = 0. Suppose 5*h = m + h - k, -20 = 4*h. Let g(w) = 6*w - 1. Determine g(m).
-7
Suppose -k + 4*k = 36. Let x be ((-1)/(-2))/(6/k). Let i(b) be the second derivative of 13*b**3/6 - 15*b. Calculate i(x).
13
Let w(s) = s**3 - 3*s**2 - 9*s + 4. Let y(a) = 4*a**2 + 5*a - 1. Let u be y(-2). Give w(u).
9
Let b(z) = -z**2 + 12*z - 2. Let o(l) = -l - 1. Let h(w) = -b(w) - 3*o(w). Suppose 0 = 7*y - 355 + 313. Calculate h(y).
-13
Let t be 2/(-6)*3 + 3. Suppose 0 = -2*c + t + 4. Let a(d) = d**c + d + 12*d**2 - 10*d**2 - d - d. What is a(2)?
14
Let j(x) = -x**3 - 5*x**2 + 3*x + 6. Let w(s) = -s + 18. Let o be w(8). Suppose -2*p - o = -0*p - 3*t, 0 = -3*t. What is j(p)?
-9
Let w(s) be the first derivative of s**3/6 - s**2/2 + 8*s - 13. Let n(c) be the first derivative of w(c). Let j be (-2)/5 + (-6)/10. Determine n(j).
-2
Let o(k) be the second derivative of -7*k**5/20 - k**4/12 - k**3/3 - k**2/2 + 8*k. Let x(m) = m**2 + 3*m - 19. Let i be x(-6). Calculate o(i).
7
Let r(g) = g - 29. Let f be r(30). Let b(l) be the first derivative of -f + 1/2*l**2 - l. Determine b(3).
2
Let p be (-8)/10 + (-4 - (-24)/5). Let w(i) = -1. Let o(a) = -a - 2. Let n(h) = o(h) + 2*w(h). What is n(p)?
-4
Let g(c) = c**3 + c**2 - 4*c - 5. Let d = 59 + -62. What is g(d)?
-11
Let m(c) = -5*c**3 + 47*c**2 + 55*c + 39. Let y(j) = -2*j**3 + 16*j**2 + 19*j + 13. Let u(v) = -3*m(v) + 8*y(v). Calculate u(-12).
-1
Let r(v) = -3*v**2 + 6*v. Let d(s) = -s - 1. Let z(w) = 2*d(w) + r(w). Suppose 2*a + 29 = 33. Determine z(a).
-6
Let m(o) = o. Let w(p) be the second derivative of p**3/6 + p**2 - 3*p. Let u(c) = -3*m(c) + w(c). Determine u(-4).
10
Let i(m) = 9*m**2 - 6*m**2 - 2*m**2 + 1. Let d(l) = -l**3 - l**2 - 3*l - 1. Let s(g) = -d(g) + 2*i(g). Suppose z = 4*z + 9. Give s(z).
-6
Let j(z) = 12 + 2 + 5*z - 13. Let a = 1 - 2. Calculate j(a).
-4
Let v(g) = 4*g**2 + 4*g + 2. Let z = -77 + -50. Let a = -129 - z. Give v(a).
10
Let k(f) = -f - 1. Let v = -1 - -2. Let q(d) = -4*d + 5. Let x(i) = v*q(i) - 3*k(i). Let c be ((-5)/2)/((-63)/126). Calculate x(c).
3
Let r(u) be the first derivative of u**2/2 + 9*u - 114. Calculate r(-9).
0
Let j(q) be the third derivative of q**5/60 + q**4/4 - q**3/2 - 5*q**2 - q. What is j(-8)?
13
Let n(i) = 37*i + 25*i - i**2 - 78*i + 36. What is n(-18)?
0
Let q(m) = m**3 - 8*m**2 - 7*m. Let d be (-3 + 1 + 0)*(-117)/26. Give q(d).
18
Let i(l) be the first derivative of 3*l + 29 - 3/2*l**2. Give i(5).
-12
Suppose -5 = j - 5*j - s, -5*j + 3*s + 2 = 0. Let v(k) be the third derivative of k**5/12 - k**3/6 - 5*k**2. Calculate v(j).
4
Let z be (-108)/(-45) - 4/10. Suppose -4*k = -4*q - 16, q = k + z*q + 6. Let u be 1*(2 + k - -4). Let n(y) = -y + 6. Calculate n(u).
1
Let b(w) = 9*w**2 - 10*w - 1. Let a(s) = 7*s**2 - 10*s - 1. Let c(r) = -4*a(r) + 3*b(r). Calculate c(11).
-10
Let f(x) = -x**2 - 16*x + 194. Let i be f(8). Let p(w) = w**2 + 3*w - 2. Determine p(i).
8
Let w(d) = -d - 6. Let s(i) be the second derivative of i**2/2 + 22*i. Let r(t) = 6*s(t) + w(t). Determine r(0).
0
Let w(c) = -1 - 4*c - 3 + 6. Let a be (-4 + (3 - 0))*-3. Give w(a).
-10
Suppose 0 = -g - r - 2, -2*g - r + 5*r + 26 = 0. Let c = g - 6. Let v(y) = 2*y - 2. Let j(o) = 4*o - 3. Let u(f) = -4*j(f) + 7*v(f). Calculate u(c).
4
Let j(z) be the second derivative of -z**4/12 - 5*z**3/6 + 4*z**2 + 321*z. Determine j(-6).
2
Suppose 4*x - 14 = -4*m + 10, 5*x - 2*m = -5. Let l be 4/(40/42) + 2/(-10). Let q(y) = -5 - 41*y**2 + l + 35*y**2 + y. Calculate q(x).
-6
Let p = -167 + 4009/24. Let s(q) be the third derivative of 0*q**3 + 0 + 0*q - p*q**4 + 2*q**2. What is s(3)?
-3
Let v(m) = -m**2 + 2*m + 219. Let o be v(16). Let i(c) = c**3 + 4*c**2 - 10*c - 21. Determine i(o).
4
Let x(r) be the third derivative of r**4/24 - r**3/2 + 94*r**2. Let g be ((-3)/(-5) + 117/(-45))*-1. What is x(g)?
-1
Let l(o) = o**2 + 4*o + 3. Let m be -3*3/((-36)/40). Suppose -3*a + 5 = -m. Suppose a*b = -20 + 5. Give l(b).
0
Suppose -5*n = -9*n - 260. Let u(t) = t. Let x(o) = -10*o. Let i(r) = n*u(r) - 6*x(r). Let v(z) 